{"id":166,"date":"2023-06-01T12:34:48","date_gmt":"2023-06-01T12:34:48","guid":{"rendered":"https:\/\/camaraavare.sp.gov.br\/atividades\/?page_id=166"},"modified":"2023-09-11T14:37:43","modified_gmt":"2023-09-11T14:37:43","slug":"ce-tea","status":"publish","type":"page","link":"https:\/\/camaraavare.sp.gov.br\/atividades\/index.php\/ce-tea\/","title":{"rendered":"Comiss\u00e3o Especial de Estudos sobre o Transtorno do Espectro do Autismo (CE-TEA)"},"content":{"rendered":"\n<p>Acompanhe pelo site da C\u00e2mara os trabalhos da Comiss\u00e3o Especial de Estudos sobre o Transtorno do Espectro do Autismo (CE-TEA), com presid\u00eancia do vereador Marcelo Jos\u00e9 Ortega, tendo ainda como membros integrantes os vereadores Adalgisa Lopes Ward, Luiz Claudio da Costa e Hidalgo Andr\u00e9 de Freitas.<\/p>\n\n\n\n<figure class=\"wp-block-embed is-type-video is-provider-youtube wp-block-embed-youtube wp-embed-aspect-16-9 wp-has-aspect-ratio\"><div class=\"wp-block-embed__wrapper\">\n<iframe loading=\"lazy\" title=\"Comiss\u00e3o Especial de Estudos Sobre o Transtorno do Espectro do Autismo.19.04.2023\" width=\"625\" height=\"352\" src=\"https:\/\/www.youtube.com\/embed\/pxiq_5-sgqk?feature=oembed\" frameborder=\"0\" allow=\"accelerometer; autoplay; clipboard-write; encrypted-media; gyroscope; picture-in-picture; web-share\" referrerpolicy=\"strict-origin-when-cross-origin\" allowfullscreen><\/iframe>\n<\/div><figcaption>Comiss\u00e3o Especial de Estudos Sobre o Transtorno do Espectro do Autismo.19.04.2023<\/figcaption><\/figure>\n\n\n\n<figure class=\"wp-block-embed is-type-video is-provider-youtube wp-block-embed-youtube wp-embed-aspect-16-9 wp-has-aspect-ratio\"><div class=\"wp-block-embed__wrapper\">\n<iframe loading=\"lazy\" title=\"Comiss\u00e3o Especial de Estudos Sobre o Transtorno do Espectro do Autismo.26.04.2023\" width=\"625\" height=\"352\" src=\"https:\/\/www.youtube.com\/embed\/dLmhst_pF2k?feature=oembed\" frameborder=\"0\" allow=\"accelerometer; autoplay; clipboard-write; encrypted-media; gyroscope; picture-in-picture; web-share\" referrerpolicy=\"strict-origin-when-cross-origin\" allowfullscreen><\/iframe>\n<\/div><figcaption>Comiss\u00e3o Especial de Estudos Sobre o Transtorno do Espectro do Autismo.26.04.2023<\/figcaption><\/figure>\n\n\n\n<figure class=\"wp-block-embed is-type-video is-provider-youtube wp-block-embed-youtube wp-embed-aspect-16-9 wp-has-aspect-ratio\"><div class=\"wp-block-embed__wrapper\">\n<iframe loading=\"lazy\" title=\"Comiss\u00e3o Especial de Estudos Sobre o Transtorno do Espectro do Autismo.03.05.2023\" width=\"625\" height=\"352\" src=\"https:\/\/www.youtube.com\/embed\/ZenoqbjczLY?feature=oembed\" frameborder=\"0\" allow=\"accelerometer; autoplay; clipboard-write; encrypted-media; gyroscope; picture-in-picture; web-share\" referrerpolicy=\"strict-origin-when-cross-origin\" allowfullscreen><\/iframe>\n<\/div><figcaption>Comiss\u00e3o Especial de Estudos Sobre o Transtorno do Espectro do Autismo.03.05.2023<\/figcaption><\/figure>\n\n\n\n<figure class=\"wp-block-embed is-type-video is-provider-youtube wp-block-embed-youtube wp-embed-aspect-16-9 wp-has-aspect-ratio\"><div class=\"wp-block-embed__wrapper\">\n<iframe loading=\"lazy\" title=\"Comiss\u00e3o Especial de Estudo sobre o Transtorno do Espectro do Autismo.07.06.2023\" width=\"625\" height=\"352\" src=\"https:\/\/www.youtube.com\/embed\/gCrgBrLJqxw?feature=oembed\" frameborder=\"0\" allow=\"accelerometer; autoplay; clipboard-write; encrypted-media; gyroscope; picture-in-picture; web-share\" referrerpolicy=\"strict-origin-when-cross-origin\" allowfullscreen><\/iframe>\n<\/div><figcaption>Comiss\u00e3o Especial de Estudo sobre o Transtorno do Espectro do Autismo.07.06.2023<\/figcaption><\/figure>\n\n\n\n<figure class=\"wp-block-embed is-type-video is-provider-youtube wp-block-embed-youtube wp-embed-aspect-16-9 wp-has-aspect-ratio\"><div class=\"wp-block-embed__wrapper\">\n<iframe loading=\"lazy\" title=\"Comiss\u00e3o Especial de Estudo Sobre o Transtorno do Espectro do Autismo - 14.06.2023\" width=\"625\" height=\"352\" src=\"https:\/\/www.youtube.com\/embed\/JdW2RVwVDXg?feature=oembed\" frameborder=\"0\" allow=\"accelerometer; autoplay; clipboard-write; encrypted-media; gyroscope; picture-in-picture; web-share\" referrerpolicy=\"strict-origin-when-cross-origin\" allowfullscreen><\/iframe>\n<\/div><figcaption>Comiss\u00e3o Especial de Estudo Sobre o Transtorno do Espectro do Autismo &#8211; 14.06.2023<\/figcaption><\/figure>\n\n\n\n<figure class=\"wp-block-embed is-type-video is-provider-youtube wp-block-embed-youtube wp-embed-aspect-16-9 wp-has-aspect-ratio\"><div class=\"wp-block-embed__wrapper\">\n<iframe loading=\"lazy\" title=\"Comiss\u00e3o Especial de Estudo Sobre o Transtorno do Espectro do Autismo.21.06.2023\" width=\"625\" height=\"352\" src=\"https:\/\/www.youtube.com\/embed\/F8_UL8q2Nws?feature=oembed\" frameborder=\"0\" allow=\"accelerometer; autoplay; clipboard-write; encrypted-media; gyroscope; picture-in-picture; web-share\" referrerpolicy=\"strict-origin-when-cross-origin\" allowfullscreen><\/iframe>\n<\/div><figcaption>Comiss\u00e3o Especial de Estudo Sobre o Transtorno do Espectro do Autismo.21.06.2023<\/figcaption><\/figure>\n\n\n\n<figure class=\"wp-block-embed is-type-video is-provider-youtube wp-block-embed-youtube wp-embed-aspect-16-9 wp-has-aspect-ratio\"><div class=\"wp-block-embed__wrapper\">\n<iframe loading=\"lazy\" title=\"Comiss\u00e3o Especial de Estudos Sobre o Transtorno do Espectro do Autismo.30.06.2023\" width=\"625\" height=\"352\" src=\"https:\/\/www.youtube.com\/embed\/lg1jjLw50yk?feature=oembed\" frameborder=\"0\" allow=\"accelerometer; autoplay; clipboard-write; encrypted-media; gyroscope; picture-in-picture; web-share\" referrerpolicy=\"strict-origin-when-cross-origin\" allowfullscreen><\/iframe>\n<\/div><figcaption>Comiss\u00e3o Especial de Estudos Sobre o Transtorno do Espectro do Autismo 30.06.2023<\/figcaption><\/figure>\n\n\n\n<figure class=\"wp-block-embed is-type-video is-provider-youtube wp-block-embed-youtube wp-embed-aspect-16-9 wp-has-aspect-ratio\"><div class=\"wp-block-embed__wrapper\">\n<iframe loading=\"lazy\" title=\"Comiss\u00e3o Especial de Estudos Sobre o Transtorno do Espectro do Autismo 05.07.2023\" width=\"625\" height=\"352\" src=\"https:\/\/www.youtube.com\/embed\/U1kKfMi2554?feature=oembed\" frameborder=\"0\" allow=\"accelerometer; autoplay; clipboard-write; encrypted-media; gyroscope; picture-in-picture; web-share\" referrerpolicy=\"strict-origin-when-cross-origin\" allowfullscreen><\/iframe>\n<\/div><figcaption>Comiss\u00e3o Especial de Estudos Sobre o Transtorno do Espectro do Autismo 05.07.2023<\/figcaption><\/figure>\n\n\n\n<figure class=\"wp-block-embed is-type-video is-provider-youtube wp-block-embed-youtube wp-embed-aspect-16-9 wp-has-aspect-ratio\"><div class=\"wp-block-embed__wrapper\">\n<iframe loading=\"lazy\" title=\"Comiss\u00e3o Especial de Estudos Sobre o Transtorno do Espectro do Autismo 12.07.2023\" width=\"625\" height=\"352\" src=\"https:\/\/www.youtube.com\/embed\/ea3SYyt5RGk?feature=oembed\" frameborder=\"0\" allow=\"accelerometer; autoplay; clipboard-write; encrypted-media; gyroscope; picture-in-picture; web-share\" referrerpolicy=\"strict-origin-when-cross-origin\" allowfullscreen><\/iframe>\n<\/div><figcaption>Comiss\u00e3o Especial de Estudos Sobre o Transtorno do Espectro do Autismo 12.07.2023<\/figcaption><\/figure>\n\n\n\n<figure class=\"wp-block-embed is-type-video is-provider-youtube wp-block-embed-youtube wp-embed-aspect-16-9 wp-has-aspect-ratio\"><div class=\"wp-block-embed__wrapper\">\n<iframe loading=\"lazy\" title=\"Comiss\u00e3o Especial de Estudos Sobre o Transtorno do Espectro do Autismo.09.08.2023\" width=\"625\" height=\"352\" src=\"https:\/\/www.youtube.com\/embed\/lpjl1y_bAhk?feature=oembed\" frameborder=\"0\" allow=\"accelerometer; autoplay; clipboard-write; encrypted-media; gyroscope; picture-in-picture; web-share\" referrerpolicy=\"strict-origin-when-cross-origin\" allowfullscreen><\/iframe>\n<\/div><figcaption>Comiss\u00e3o Especial de Estudos Sobre o Transtorno do Espectro do Autismo 09.08.2023<\/figcaption><\/figure>\n\n\n\n<figure class=\"wp-block-embed is-type-video is-provider-youtube wp-block-embed-youtube wp-embed-aspect-16-9 wp-has-aspect-ratio\"><div class=\"wp-block-embed__wrapper\">\n<iframe loading=\"lazy\" title=\"Comiss\u00e3o Especial de Estudos Sobre o Transtorno do Espectro do Autismo.06.09.2023\" width=\"625\" height=\"352\" src=\"https:\/\/www.youtube.com\/embed\/8r1w6axHr8Y?feature=oembed\" frameborder=\"0\" allow=\"accelerometer; autoplay; clipboard-write; encrypted-media; gyroscope; picture-in-picture; web-share\" referrerpolicy=\"strict-origin-when-cross-origin\" allowfullscreen><\/iframe>\n<\/div><figcaption>Comiss\u00e3o Especial de Estudos Sobre o Transtorno do Espectro do Autismo. 06.09.2023<\/figcaption><\/figure>\n","protected":false},"excerpt":{"rendered":"<p>Acompanhe pelo site da C\u00e2mara os trabalhos da Comiss\u00e3o Especial de Estudos sobre o Transtorno do Espectro do Autismo (CE-TEA), com presid\u00eancia do vereador Marcelo Jos\u00e9 Ortega, tendo ainda como membros integrantes os vereadores Adalgisa Lopes Ward, Luiz Claudio da Costa e Hidalgo Andr\u00e9 de Freitas.<\/p>\n","protected":false},"author":1,"featured_media":170,"parent":0,"menu_order":0,"comment_status":"closed","ping_status":"closed","template":"","meta":{"footnotes":""},"class_list":["post-166","page","type-page","status-publish","has-post-thumbnail","hentry"],"_links":{"self":[{"href":"https:\/\/camaraavare.sp.gov.br\/atividades\/index.php\/wp-json\/wp\/v2\/pages\/166","targetHints":{"allow":["GET"]}}],"collection":[{"href":"https:\/\/camaraavare.sp.gov.br\/atividades\/index.php\/wp-json\/wp\/v2\/pages"}],"about":[{"href":"https:\/\/camaraavare.sp.gov.br\/atividades\/index.php\/wp-json\/wp\/v2\/types\/page"}],"author":[{"embeddable":true,"href":"https:\/\/camaraavare.sp.gov.br\/atividades\/index.php\/wp-json\/wp\/v2\/users\/1"}],"replies":[{"embeddable":true,"href":"https:\/\/camaraavare.sp.gov.br\/atividades\/index.php\/wp-json\/wp\/v2\/comments?post=166"}],"version-history":[{"count":14,"href":"https:\/\/camaraavare.sp.gov.br\/atividades\/index.php\/wp-json\/wp\/v2\/pages\/166\/revisions"}],"predecessor-version":[{"id":238,"href":"https:\/\/camaraavare.sp.gov.br\/atividades\/index.php\/wp-json\/wp\/v2\/pages\/166\/revisions\/238"}],"wp:featuredmedia":[{"embeddable":true,"href":"https:\/\/camaraavare.sp.gov.br\/atividades\/index.php\/wp-json\/wp\/v2\/media\/170"}],"wp:attachment":[{"href":"https:\/\/camaraavare.sp.gov.br\/atividades\/index.php\/wp-json\/wp\/v2\/media?parent=166"}],"curies":[{"name":"wp","href":"https:\/\/api.w.org\/{rel}","templated":true}]}}